{"id":3583,"date":"2019-01-23T15:50:07","date_gmt":"2019-01-23T15:50:07","guid":{"rendered":"http:\/\/www.beaweb.org\/LA\/?page_id=3583"},"modified":"2022-08-16T15:55:12","modified_gmt":"2022-08-16T15:55:12","slug":"2019-uc-boulder","status":"publish","type":"page","link":"https:\/\/www.beaweb.org\/LA\/","title":{"rendered":"BEA Latinoam\u00e9rica"},"content":{"rendered":"<p>[et_pb_section fb_built=&#8221;1&#8243; _builder_version=&#8221;3.19.7&#8243; background_image=&#8221;https:\/\/www.beaweb.org\/LA\/wp-content\/uploads\/2022\/07\/Background_Hero.png&#8221;][et_pb_row _builder_version=&#8221;3.19.7&#8243;][et_pb_column type=&#8221;4_4&#8243; _builder_version=&#8221;3.19.7&#8243; parallax=&#8221;off&#8221; parallax_method=&#8221;on&#8221;][et_pb_image src=&#8221;https:\/\/www.beaweb.org\/LA\/wp-content\/uploads\/2022\/07\/Untitled-3.png&#8221; force_fullwidth=&#8221;on&#8221; _builder_version=&#8221;3.19.7&#8243;][\/et_pb_image][\/et_pb_column][\/et_pb_row][\/et_pb_section][et_pb_section fb_built=&#8221;1&#8243; _builder_version=&#8221;3.19.7&#8243;][et_pb_row _builder_version=&#8221;3.19.7&#8243;][et_pb_column type=&#8221;4_4&#8243; _builder_version=&#8221;3.19.7&#8243; parallax=&#8221;off&#8221; parallax_method=&#8221;on&#8221;][et_pb_text _builder_version=&#8221;3.19.7&#8243;]<\/p>\n<p>Este a\u00f1o, profesionales de las industrias creativas y educadores en comunicaci\u00f3n, periodismo y medios se reunir\u00e1n el 13 y 14 de octubre en Bogot\u00e1, Colombia, para la segunda edici\u00f3n del Congreso Latinoamericano de Educadores de Medios.<\/p>\n<p>El evento, auspiciado por la Asociaci\u00f3n para la Educaci\u00f3n en Medios Audiovisuales (<strong>BEA<\/strong>, o Broadcast Education Association) contar\u00e1 con la participaci\u00f3n de profesores e investigadores especializados en la televisi\u00f3n, el radio y otros medios electr\u00f3nicos de habla hispana.<\/p>\n<p>Docentes, investigadores y administradores de medios universitarios tendr\u00e1n la oportunidad de intercambiar conocimientos, diseminar sus proyectos de investigaci\u00f3n y crear nuevas oportunidades para la colaboraci\u00f3n a nivel hemisf\u00e9rico.<\/p>\n<p>\u00a0&#8211;\u00a0\u00a0El evento es una plataforma para que miembros de la comunidad acad\u00e9mica ampl\u00eden su red de colaboraci\u00f3n dentro y fuera de la regi\u00f3n. Las oportunidades para\u00a0<strong>conectar<\/strong>\u00a0y unir esfuerzos van desde el intercambio de contenidos hasta el establecimiento de programas de investigaci\u00f3n.<\/p>\n<p>\u00a0&#8211;\u00a0\u00a0Los participantes podr\u00e1n\u00a0<strong>presentar<\/strong>\u00a0e intercambiar informaci\u00f3n pr\u00e1ctica sobre c\u00f3mo organizar y administrar programas en comunicaci\u00f3n, periodismo y medios electr\u00f3nicos, considerando los cambios acelerados en tecnolog\u00eda, marcos regulatorios y otros aspectos. De igual forma, el congreso representa una plataforma para promocionar programas acad\u00e9micos y reclutar estudiantes de otras regiones.<\/p>\n<p>\u00a0&#8211;\u00a0El congreso incluir\u00e1 numerosas oportunidades para participar en talleres para\u00a0<strong>aprender<\/strong>\u00a0nuevas formas de comunicar informaci\u00f3n y contar historias de profesionales de las industrias de la informaci\u00f3n y los medios de entretenimiento.<\/p>\n<p>[\/et_pb_text][\/et_pb_column][\/et_pb_row][\/et_pb_section][et_pb_section fb_built=&#8221;1&#8243; _builder_version=&#8221;3.19.7&#8243; background_color=&#8221;#000000&#8243; use_background_color_gradient=&#8221;on&#8221; background_color_gradient_end=&#8221;rgba(0,0,0,0.5)&#8221; background_color_gradient_type=&#8221;radial&#8221; background_color_gradient_overlays_image=&#8221;on&#8221; custom_padding=&#8221;43px|0px|0|0px|false|false&#8221;][et_pb_row custom_padding=&#8221;13px|0px|51px|0px|false|false&#8221; _builder_version=&#8221;3.19.7&#8243;][et_pb_column type=&#8221;1_3&#8243; _builder_version=&#8221;3.0.47&#8243; parallax=&#8221;off&#8221; parallax_method=&#8221;on&#8221;][et_pb_button button_url=&#8221;https:\/\/www.beaweb.org\/wp\/bea-la-registration\/&#8221; url_new_window=&#8221;on&#8221; button_text=&#8221; Reg\u00edstrate ahora&#8221; button_alignment=&#8221;center&#8221; _builder_version=&#8221;3.19.7&#8243; custom_button=&#8221;on&#8221; button_text_color=&#8221;#ffffff&#8221; button_bg_color=&#8221;#0c71c3&#8243; button_border_width=&#8221;3px&#8221; button_border_color=&#8221;#ffffff&#8221; button_border_radius=&#8221;0px&#8221; button_font=&#8221;||||||||&#8221; box_shadow_style=&#8221;preset6&#8243;][\/et_pb_button][\/et_pb_column][et_pb_column type=&#8221;1_3&#8243; _builder_version=&#8221;3.0.47&#8243; parallax=&#8221;off&#8221; parallax_method=&#8221;on&#8221;][\/et_pb_column][et_pb_column type=&#8221;1_3&#8243; _builder_version=&#8221;3.0.47&#8243; parallax=&#8221;off&#8221; parallax_method=&#8221;on&#8221;][et_pb_button button_url=&#8221;https:\/\/www.beaweb.org\/wp\/bea-la-scholarship-request\/&#8221; url_new_window=&#8221;on&#8221; button_text=&#8221;BECA para Estudiantes&#8221; button_alignment=&#8221;center&#8221; _builder_version=&#8221;3.19.7&#8243; custom_button=&#8221;on&#8221; button_text_color=&#8221;#ffffff&#8221; button_bg_color=&#8221;#0c71c3&#8243; button_border_width=&#8221;3px&#8221; button_border_color=&#8221;#ffffff&#8221; button_border_radius=&#8221;0px&#8221; button_font=&#8221;||||||||&#8221; box_shadow_style=&#8221;preset6&#8243;][\/et_pb_button][\/et_pb_column][\/et_pb_row][\/et_pb_section][et_pb_section fb_built=&#8221;1&#8243; _builder_version=&#8221;3.19.7&#8243; background_color=&#8221;#ffd400&#8243; custom_padding=&#8221;0|0px|13px|0px|false|false&#8221;][et_pb_row custom_padding=&#8221;68px|0px|42px|0px|false|false&#8221; _builder_version=&#8221;3.19.7&#8243;][et_pb_column type=&#8221;1_2&#8243; _builder_version=&#8221;3.0.47&#8243; parallax=&#8221;off&#8221; parallax_method=&#8221;on&#8221;][et_pb_text _builder_version=&#8221;3.19.7&#8243;]<\/p>\n<h1><span style=\"color: #0c71c3;\">Universidad Cat\u00f3lica de Colombia<\/span><\/h1>\n<p>[\/et_pb_text][et_pb_text _builder_version=&#8221;3.19.7&#8243;]<\/p>\n<p><span><span lang=\"ES\">La Universidad Cat\u00f3lica de Colombia es, por esencia y definici\u00f3n, una Universidad que con sus principios centra su misi\u00f3n en la persona, para lo cual, desde su naturaleza intelectual y su riqueza doctrinal, genera su propio acto educativo.\u00a0<\/span>La Universidad Cat\u00f3lica de Colombia concibe la educaci\u00f3n como un acto de la inteligencia y la libertad de la persona y, por lo tanto, de naturaleza moral. Se presenta ante el mundo como origen de acciones intelectuales y libres y desarrolla en su comunidad la virtud de la studiositas, para que se aprenda a pensar y se fomente as\u00ed la potencia creativa e innovadora, adem\u00e1s de la adquisici\u00f3n de conocimientos, destrezas y habilidades.La Universidad contribuye a la dignificaci\u00f3n de la persona humana y al desarrollo equitativo en lo social, sostenible en lo econ\u00f3mico y sustentable en lo ecol\u00f3gico, a trav\u00e9s del estudio, an\u00e1lisis y ofrecimiento de propuestas que ayuden a construir una realidad cultural, pol\u00edtica, econ\u00f3mica y socialmente m\u00e1s justa.<\/span><\/p>\n<p>[\/et_pb_text][\/et_pb_column][et_pb_column type=&#8221;1_2&#8243; _builder_version=&#8221;3.0.47&#8243; parallax=&#8221;off&#8221; parallax_method=&#8221;on&#8221;][et_pb_video src=&#8221;https:\/\/www.youtube.com\/watch?v=YHTXdUXqOL0&#8243; _builder_version=&#8221;3.19.7&#8243;][\/et_pb_video][\/et_pb_column][\/et_pb_row][\/et_pb_section][et_pb_section fb_built=&#8221;1&#8243; _builder_version=&#8221;3.19.7&#8243; background_color=&#8221;#000000&#8243; use_background_color_gradient=&#8221;on&#8221; background_color_gradient_end=&#8221;rgba(0,0,0,0.5)&#8221; background_color_gradient_type=&#8221;radial&#8221; background_color_gradient_overlays_image=&#8221;on&#8221; custom_padding=&#8221;26px|0px|0|0px|false|false&#8221;][et_pb_row custom_padding=&#8221;13px|0px|30px|0px|false|false&#8221; _builder_version=&#8221;3.19.7&#8243;][et_pb_column type=&#8221;4_4&#8243; _builder_version=&#8221;3.0.47&#8243; parallax=&#8221;off&#8221; parallax_method=&#8221;on&#8221;][et_pb_text _builder_version=&#8221;3.19.7&#8243; text_font=&#8221;|800|||||||&#8221; text_text_color=&#8221;#ffffff&#8221; header_font=&#8221;||||||||&#8221; header_text_color=&#8221;#ffffff&#8221; header_font_size=&#8221;24px&#8221; header_2_font=&#8221;Verdana||||||||&#8221; header_2_text_color=&#8221;#ffffff&#8221;]<\/p>\n<h1 style=\"text-align: center;\">Helpful Links<\/h1>\n<p>[\/et_pb_text][\/et_pb_column][\/et_pb_row][et_pb_row custom_padding=&#8221;0|0px|13px|0px|false|false&#8221; _builder_version=&#8221;3.19.7&#8243;][et_pb_column type=&#8221;1_4&#8243; _builder_version=&#8221;3.0.47&#8243; parallax=&#8221;off&#8221; parallax_method=&#8221;on&#8221;][et_pb_button button_url=&#8221;https:\/\/www.beaweb.org\/wp\/?page_id=498&#8243; button_text=&#8221;BEA Membership&#8221; button_alignment=&#8221;center&#8221; _builder_version=&#8221;3.19.7&#8243; custom_button=&#8221;on&#8221; button_text_color=&#8221;#ffffff&#8221; button_bg_color=&#8221;#0c71c3&#8243; button_border_color=&#8221;#ffffff&#8221; button_border_radius=&#8221;0px&#8221; button_font=&#8221;||||||||&#8221; box_shadow_style=&#8221;preset6&#8243; custom_margin=&#8221;|||0px&#8221;][\/et_pb_button][\/et_pb_column][et_pb_column type=&#8221;1_4&#8243; _builder_version=&#8221;3.0.47&#8243; parallax=&#8221;off&#8221; parallax_method=&#8221;on&#8221;][et_pb_button button_url=&#8221;https:\/\/www.beaweb.org\/wp\/?page_id=478&#8243; button_text=&#8221;BEA Scholarships&#8221; button_alignment=&#8221;center&#8221; _builder_version=&#8221;3.19.7&#8243; custom_button=&#8221;on&#8221; button_text_color=&#8221;#ffffff&#8221; button_bg_color=&#8221;#0c71c3&#8243; button_border_color=&#8221;#ffffff&#8221; button_border_radius=&#8221;0px&#8221; button_font=&#8221;||||||||&#8221; box_shadow_style=&#8221;preset6&#8243;][\/et_pb_button][\/et_pb_column][et_pb_column type=&#8221;1_4&#8243; _builder_version=&#8221;3.0.47&#8243; parallax=&#8221;off&#8221; parallax_method=&#8221;on&#8221;][et_pb_button button_url=&#8221;https:\/\/www.beaweb.org\/conv\/&#8221; button_text=&#8221;Annual Convention&#8221; button_alignment=&#8221;center&#8221; _builder_version=&#8221;3.19.7&#8243; custom_button=&#8221;on&#8221; button_text_size=&#8221;20px&#8221; button_text_color=&#8221;#ffffff&#8221; button_bg_color=&#8221;#0c71c3&#8243; button_border_color=&#8221;#ffffff&#8221; button_border_radius=&#8221;0px&#8221; button_font=&#8221;||||||||&#8221; box_shadow_style=&#8221;preset6&#8243;][\/et_pb_button][\/et_pb_column][et_pb_column type=&#8221;1_4&#8243; _builder_version=&#8221;3.0.47&#8243; parallax=&#8221;off&#8221; parallax_method=&#8221;on&#8221;][et_pb_button button_url=&#8221;http:\/\/beaweb.org\/festival\/&#8221; button_text=&#8221;Festival of Media Arts&#8221; button_alignment=&#8221;center&#8221; _builder_version=&#8221;3.19.7&#8243; custom_button=&#8221;on&#8221; button_text_color=&#8221;#ffffff&#8221; button_bg_color=&#8221;#0c71c3&#8243; button_border_color=&#8221;#ffffff&#8221; button_border_radius=&#8221;0px&#8221; button_font=&#8221;||||||||&#8221; box_shadow_style=&#8221;preset6&#8243;][\/et_pb_button][\/et_pb_column][\/et_pb_row][et_pb_row custom_padding=&#8221;13px|0px|0|0px|false|false&#8221; _builder_version=&#8221;3.19.7&#8243;][et_pb_column type=&#8221;1_3&#8243; _builder_version=&#8221;3.0.47&#8243; parallax=&#8221;off&#8221; parallax_method=&#8221;on&#8221;][et_pb_text _builder_version=&#8221;3.19.7&#8243;][\/et_pb_text][\/et_pb_column][et_pb_column type=&#8221;1_3&#8243; _builder_version=&#8221;3.0.47&#8243; parallax=&#8221;off&#8221; parallax_method=&#8221;on&#8221;][\/et_pb_column][et_pb_column type=&#8221;1_3&#8243; _builder_version=&#8221;3.0.47&#8243; parallax=&#8221;off&#8221; parallax_method=&#8221;on&#8221;][\/et_pb_column][\/et_pb_row][\/et_pb_section]<\/p>\n","protected":false},"excerpt":{"rendered":"<p>Este a\u00f1o, profesionales de las industrias creativas y educadores en comunicaci\u00f3n, periodismo y medios se reunir\u00e1n el 13 y 14 de octubre en Bogot\u00e1, Colombia, para la segunda edici\u00f3n del Congreso Latinoamericano de Educadores de Medios. El evento, auspiciado por la Asociaci\u00f3n para la Educaci\u00f3n en Medios Audiovisuales (BEA, o Broadcast Education Association) contar\u00e1 con [&hellip;]<\/p>\n","protected":false},"author":1,"featured_media":3662,"parent":0,"menu_order":0,"comment_status":"closed","ping_status":"closed","template":"","meta":{"_et_pb_use_builder":"on","_et_pb_old_content":"","_et_gb_content_width":"","_exactmetrics_skip_tracking":false,"_exactmetrics_sitenote_active":false,"_exactmetrics_sitenote_note":"","_exactmetrics_sitenote_category":0,"footnotes":""},"class_list":["post-3583","page","type-page","status-publish","has-post-thumbnail","hentry"],"_links":{"self":[{"href":"https:\/\/www.beaweb.org\/LA\/wp-json\/wp\/v2\/pages\/3583","targetHints":{"allow":["GET"]}}],"collection":[{"href":"https:\/\/www.beaweb.org\/LA\/wp-json\/wp\/v2\/pages"}],"about":[{"href":"https:\/\/www.beaweb.org\/LA\/wp-json\/wp\/v2\/types\/page"}],"author":[{"embeddable":true,"href":"https:\/\/www.beaweb.org\/LA\/wp-json\/wp\/v2\/users\/1"}],"replies":[{"embeddable":true,"href":"https:\/\/www.beaweb.org\/LA\/wp-json\/wp\/v2\/comments?post=3583"}],"version-history":[{"count":99,"href":"https:\/\/www.beaweb.org\/LA\/wp-json\/wp\/v2\/pages\/3583\/revisions"}],"predecessor-version":[{"id":4261,"href":"https:\/\/www.beaweb.org\/LA\/wp-json\/wp\/v2\/pages\/3583\/revisions\/4261"}],"wp:featuredmedia":[{"embeddable":true,"href":"https:\/\/www.beaweb.org\/LA\/wp-json\/"}],"wp:attachment":[{"href":"https:\/\/www.beaweb.org\/LA\/wp-json\/wp\/v2\/media?parent=3583"}],"curies":[{"name":"wp","href":"https:\/\/api.w.org\/{rel}","templated":true}]}}

BEA Latinoamérica

<p>[et_pb_section fb_built=&#8221;1&#8243; _builder_version=&#8221;3.19.7&#8243; background_image=&#8221;https://www.beaweb.org/LA/wp-content/uploads/2022/07/Background_Hero.png&#8221;][et_pb_row _builder_version=&#8221;3.19.7&#8243;][et_pb_column type=&#8221;4_4&#8243; _builder_version=&#8221;3.19.7&#8243; parallax=&#8221;off&#8221; parallax_method=&#8221;on&#8221;][et_pb_image src=&#8221;https://www.beaweb.org/LA/wp-content/uploads/2022/07/Untitled-3.png&#8221; force_fullwidth=&#8221;on&#8221; _builder_version=&#8221;3.19.7&#8243;][/et_pb_image][/et_pb_column][/et_pb_row][/et_pb_section][et_pb_section fb_built=&#8221;1&#8243; _builder_version=&#8221;3.19.7&#8243;][et_pb_row _builder_version=&#8221;3.19.7&#8243;][et_pb_column type=&#8221;4_4&#8243; _builder_version=&#8221;3.19.7&#8243; parallax=&#8221;off&#8221; parallax_method=&#8221;on&#8221;][et_pb_text _builder_version=&#8221;3.19.7&#8243;]</p>
<p>Este año, profesionales de las industrias creativas y educadores en comunicación, periodismo y medios se reunirán el 13 y 14 de octubre en Bogotá, Colombia, para la segunda edición del Congreso Latinoamericano de Educadores de Medios.</p>
<p>El evento, auspiciado por la Asociación para la Educación en Medios Audiovisuales (<strong>BEA</strong>, o Broadcast Education Association) contará con la participación de profesores e investigadores especializados en la televisión, el radio y otros medios electrónicos de habla hispana.</p>
<p>Docentes, investigadores y administradores de medios universitarios tendrán la oportunidad de intercambiar conocimientos, diseminar sus proyectos de investigación y crear nuevas oportunidades para la colaboración a nivel hemisférico.</p>
<p> &#8211;  El evento es una plataforma para que miembros de la comunidad académica amplíen su red de colaboración dentro y fuera de la región. Las oportunidades para <strong>conectar</strong> y unir esfuerzos van desde el intercambio de contenidos hasta el establecimiento de programas de investigación.</p>
<p> &#8211;  Los participantes podrán <strong>presentar</strong> e intercambiar información práctica sobre cómo organizar y administrar programas en comunicación, periodismo y medios electrónicos, considerando los cambios acelerados en tecnología, marcos regulatorios y otros aspectos. De igual forma, el congreso representa una plataforma para promocionar programas académicos y reclutar estudiantes de otras regiones.</p>
<p> &#8211; El congreso incluirá numerosas oportunidades para participar en talleres para <strong>aprender</strong> nuevas formas de comunicar información y contar historias de profesionales de las industrias de la información y los medios de entretenimiento.</p>
<p>[/et_pb_text][/et_pb_column][/et_pb_row][/et_pb_section][et_pb_section fb_built=&#8221;1&#8243; _builder_version=&#8221;3.19.7&#8243; background_color=&#8221;#000000&#8243; use_background_color_gradient=&#8221;on&#8221; background_color_gradient_end=&#8221;rgba(0,0,0,0.5)&#8221; background_color_gradient_type=&#8221;radial&#8221; background_color_gradient_overlays_image=&#8221;on&#8221; custom_padding=&#8221;43px|0px|0|0px|false|false&#8221;][et_pb_row custom_padding=&#8221;13px|0px|51px|0px|false|false&#8221; _builder_version=&#8221;3.19.7&#8243;][et_pb_column type=&#8221;1_3&#8243; _builder_version=&#8221;3.0.47&#8243; parallax=&#8221;off&#8221; parallax_method=&#8221;on&#8221;][et_pb_button button_url=&#8221;https://www.beaweb.org/wp/bea-la-registration/&#8221; url_new_window=&#8221;on&#8221; button_text=&#8221; Regístrate ahora&#8221; button_alignment=&#8221;center&#8221; _builder_version=&#8221;3.19.7&#8243; custom_button=&#8221;on&#8221; button_text_color=&#8221;#ffffff&#8221; button_bg_color=&#8221;#0c71c3&#8243; button_border_width=&#8221;3px&#8221; button_border_color=&#8221;#ffffff&#8221; button_border_radius=&#8221;0px&#8221; button_font=&#8221;||||||||&#8221; box_shadow_style=&#8221;preset6&#8243;][/et_pb_button][/et_pb_column][et_pb_column type=&#8221;1_3&#8243; _builder_version=&#8221;3.0.47&#8243; parallax=&#8221;off&#8221; parallax_method=&#8221;on&#8221;][/et_pb_column][et_pb_column type=&#8221;1_3&#8243; _builder_version=&#8221;3.0.47&#8243; parallax=&#8221;off&#8221; parallax_method=&#8221;on&#8221;][et_pb_button button_url=&#8221;https://www.beaweb.org/wp/bea-la-scholarship-request/&#8221; url_new_window=&#8221;on&#8221; button_text=&#8221;BECA para Estudiantes&#8221; button_alignment=&#8221;center&#8221; _builder_version=&#8221;3.19.7&#8243; custom_button=&#8221;on&#8221; button_text_color=&#8221;#ffffff&#8221; button_bg_color=&#8221;#0c71c3&#8243; button_border_width=&#8221;3px&#8221; button_border_color=&#8221;#ffffff&#8221; button_border_radius=&#8221;0px&#8221; button_font=&#8221;||||||||&#8221; box_shadow_style=&#8221;preset6&#8243;][/et_pb_button][/et_pb_column][/et_pb_row][/et_pb_section][et_pb_section fb_built=&#8221;1&#8243; _builder_version=&#8221;3.19.7&#8243; background_color=&#8221;#ffd400&#8243; custom_padding=&#8221;0|0px|13px|0px|false|false&#8221;][et_pb_row custom_padding=&#8221;68px|0px|42px|0px|false|false&#8221; _builder_version=&#8221;3.19.7&#8243;][et_pb_column type=&#8221;1_2&#8243; _builder_version=&#8221;3.0.47&#8243; parallax=&#8221;off&#8221; parallax_method=&#8221;on&#8221;][et_pb_text _builder_version=&#8221;3.19.7&#8243;]</p>
<h1><span style="color: #0c71c3;">Universidad Católica de Colombia</span></h1>
<p>[/et_pb_text][et_pb_text _builder_version=&#8221;3.19.7&#8243;]</p>
<p><span><span lang="ES">La Universidad Católica de Colombia es, por esencia y definición, una Universidad que con sus principios centra su misión en la persona, para lo cual, desde su naturaleza intelectual y su riqueza doctrinal, genera su propio acto educativo. </span>La Universidad Católica de Colombia concibe la educación como un acto de la inteligencia y la libertad de la persona y, por lo tanto, de naturaleza moral. Se presenta ante el mundo como origen de acciones intelectuales y libres y desarrolla en su comunidad la virtud de la studiositas, para que se aprenda a pensar y se fomente así la potencia creativa e innovadora, además de la adquisición de conocimientos, destrezas y habilidades.La Universidad contribuye a la dignificación de la persona humana y al desarrollo equitativo en lo social, sostenible en lo económico y sustentable en lo ecológico, a través del estudio, análisis y ofrecimiento de propuestas que ayuden a construir una realidad cultural, política, económica y socialmente más justa.</span></p>
<p>[/et_pb_text][/et_pb_column][et_pb_column type=&#8221;1_2&#8243; _builder_version=&#8221;3.0.47&#8243; parallax=&#8221;off&#8221; parallax_method=&#8221;on&#8221;][et_pb_video src=&#8221;https://www.youtube.com/watch?v=YHTXdUXqOL0&#8243; _builder_version=&#8221;3.19.7&#8243;][/et_pb_video][/et_pb_column][/et_pb_row][/et_pb_section][et_pb_section fb_built=&#8221;1&#8243; _builder_version=&#8221;3.19.7&#8243; background_color=&#8221;#000000&#8243; use_background_color_gradient=&#8221;on&#8221; background_color_gradient_end=&#8221;rgba(0,0,0,0.5)&#8221; background_color_gradient_type=&#8221;radial&#8221; background_color_gradient_overlays_image=&#8221;on&#8221; custom_padding=&#8221;26px|0px|0|0px|false|false&#8221;][et_pb_row custom_padding=&#8221;13px|0px|30px|0px|false|false&#8221; _builder_version=&#8221;3.19.7&#8243;][et_pb_column type=&#8221;4_4&#8243; _builder_version=&#8221;3.0.47&#8243; parallax=&#8221;off&#8221; parallax_method=&#8221;on&#8221;][et_pb_text _builder_version=&#8221;3.19.7&#8243; text_font=&#8221;|800|||||||&#8221; text_text_color=&#8221;#ffffff&#8221; header_font=&#8221;||||||||&#8221; header_text_color=&#8221;#ffffff&#8221; header_font_size=&#8221;24px&#8221; header_2_font=&#8221;Verdana||||||||&#8221; header_2_text_color=&#8221;#ffffff&#8221;]</p>
<h1 style="text-align: center;">Helpful Links</h1>
<p>[/et_pb_text][/et_pb_column][/et_pb_row][et_pb_row custom_padding=&#8221;0|0px|13px|0px|false|false&#8221; _builder_version=&#8221;3.19.7&#8243;][et_pb_column type=&#8221;1_4&#8243; _builder_version=&#8221;3.0.47&#8243; parallax=&#8221;off&#8221; parallax_method=&#8221;on&#8221;][et_pb_button button_url=&#8221;https://www.beaweb.org/wp/?page_id=498&#8243; button_text=&#8221;BEA Membership&#8221; button_alignment=&#8221;center&#8221; _builder_version=&#8221;3.19.7&#8243; custom_button=&#8221;on&#8221; button_text_color=&#8221;#ffffff&#8221; button_bg_color=&#8221;#0c71c3&#8243; button_border_color=&#8221;#ffffff&#8221; button_border_radius=&#8221;0px&#8221; button_font=&#8221;||||||||&#8221; box_shadow_style=&#8221;preset6&#8243; custom_margin=&#8221;|||0px&#8221;][/et_pb_button][/et_pb_column][et_pb_column type=&#8221;1_4&#8243; _builder_version=&#8221;3.0.47&#8243; parallax=&#8221;off&#8221; parallax_method=&#8221;on&#8221;][et_pb_button button_url=&#8221;https://www.beaweb.org/wp/?page_id=478&#8243; button_text=&#8221;BEA Scholarships&#8221; button_alignment=&#8221;center&#8221; _builder_version=&#8221;3.19.7&#8243; custom_button=&#8221;on&#8221; button_text_color=&#8221;#ffffff&#8221; button_bg_color=&#8221;#0c71c3&#8243; button_border_color=&#8221;#ffffff&#8221; button_border_radius=&#8221;0px&#8221; button_font=&#8221;||||||||&#8221; box_shadow_style=&#8221;preset6&#8243;][/et_pb_button][/et_pb_column][et_pb_column type=&#8221;1_4&#8243; _builder_version=&#8221;3.0.47&#8243; parallax=&#8221;off&#8221; parallax_method=&#8221;on&#8221;][et_pb_button button_url=&#8221;https://www.beaweb.org/conv/&#8221; button_text=&#8221;Annual Convention&#8221; button_alignment=&#8221;center&#8221; _builder_version=&#8221;3.19.7&#8243; custom_button=&#8221;on&#8221; button_text_size=&#8221;20px&#8221; button_text_color=&#8221;#ffffff&#8221; button_bg_color=&#8221;#0c71c3&#8243; button_border_color=&#8221;#ffffff&#8221; button_border_radius=&#8221;0px&#8221; button_font=&#8221;||||||||&#8221; box_shadow_style=&#8221;preset6&#8243;][/et_pb_button][/et_pb_column][et_pb_column type=&#8221;1_4&#8243; _builder_version=&#8221;3.0.47&#8243; parallax=&#8221;off&#8221; parallax_method=&#8221;on&#8221;][et_pb_button button_url=&#8221;http://beaweb.org/festival/&#8221; button_text=&#8221;Festival of Media Arts&#8221; button_alignment=&#8221;center&#8221; _builder_version=&#8221;3.19.7&#8243; custom_button=&#8221;on&#8221; button_text_color=&#8221;#ffffff&#8221; button_bg_color=&#8221;#0c71c3&#8243; button_border_color=&#8221;#ffffff&#8221; button_border_radius=&#8221;0px&#8221; button_font=&#8221;||||||||&#8221; box_shadow_style=&#8221;preset6&#8243;][/et_pb_button][/et_pb_column][/et_pb_row][et_pb_row custom_padding=&#8221;13px|0px|0|0px|false|false&#8221; _builder_version=&#8221;3.19.7&#8243;][et_pb_column type=&#8221;1_3&#8243; _builder_version=&#8221;3.0.47&#8243; parallax=&#8221;off&#8221; parallax_method=&#8221;on&#8221;][et_pb_text _builder_version=&#8221;3.19.7&#8243;][/et_pb_text][/et_pb_column][et_pb_column type=&#8221;1_3&#8243; _builder_version=&#8221;3.0.47&#8243; parallax=&#8221;off&#8221; parallax_method=&#8221;on&#8221;][/et_pb_column][et_pb_column type=&#8221;1_3&#8243; _builder_version=&#8221;3.0.47&#8243; parallax=&#8221;off&#8221; parallax_method=&#8221;on&#8221;][/et_pb_column][/et_pb_row][/et_pb_section]</p>

<p>Este año, profesionales de las industrias creativas y educadores en comunicación, periodismo y medios se reunirán el 13 y 14 de octubre en Bogotá, Colombia, para la segunda edición del Congreso Latinoamericano de Educadores de Medios. El evento, auspiciado por la Asociación para la Educación en Medios Audiovisuales (BEA, o Broadcast Education Association) contará con [&hellip;]</p>
